547 is divided by 90?
7
What is the remainder when 845 is divided by 414?
17
What is the remainder when 1698 is divided by 17?
15
Calculate the remainder when 443 is divided by 37.
36
What is the remainder when 895 is divided by 125?
20
What is the remainder when 2663 is divided by 296?
295
Calculate the remainder when 2979 is divided by 212.
11
Calculate the remainder when 3619 is divided by 241.
4
What is the remainder when 379 is divided by 89?
23
What is the remainder when 60 is divided by 14?
4
Calculate the remainder when 2922 is divided by 45.
42
Calculate the remainder when 5736 is divided by 19.
17
Calculate the remainder when 9160 is divided by 17.
14
Calculate the remainder when 142 is divided by 47.
1
Calculate the remainder when 755 is divided by 108.
107
What is the remainder when 296 is divided by 73?
4
What is the remainder when 1980 is divided by 16?
12
What is the remainder when 7593 is divided by 5?
3
Calculate the remainder when 93 is divided by 11.
5
Calculate the remainder when 4528 is divided by 151.
149
Calculate the remainder when 276 is divided by 87.
15
What is the remainder when 242 is divided by 81?
80
What is the remainder when 144 is divided by 74?
70
Calculate the remainder when 399 is divided by 94.
23
What is the remainder when 1259 is divided by 417?
8
Calculate the remainder when 29 is divided by 9.
2
What is the remainder when 800 is divided by 53?
5
What is the remainder when 297 is divided by 5?
2
Calculate the remainder when 81 is divided by 14.
11
What is the remainder when 1104 is divided by 17?
16
What is the remainder when 557 is divided by 10?
7
What is the remainder when 32 is divided by 9?
5
What is the remainder when 3381 is divided by 12?
9
Calculate the remainder when 134 is divided by 67.
0
Calculate the remainder when 1408 is divided by 153.
31
What is the remainder when 239 is divided by 10?
9
What is the remainder when 2206 is divided by 23?
21
What is the remainder when 1097 is divided by 18?
17
What is the remainder when 4236 is divided by 55?
1
What is the remainder when 179 is divided by 40?
19
Calculate the remainder when 73 is divided by 42.
31
What is the remainder when 98 is divided by 23?
6
What is the remainder when 2920 is divided by 117?
112
Calculate the remainder when 278 is divided by 9.
8
What is the remainder when 427 is divided by 108?
103
Calculate the remainder when 89 is divided by 46.
43
Calculate the remainder when 916 is divided by 92.
88
What is the remainder when 37 is divided by 5?
2
What is the remainder when 453 is divided by 27?
21
Calculate the remainder when 340 is divided by 87.
79
What is the remainder when 420 is divided by 47?
44
Calculate the remainder when 3154 is divided by 39.
34
What is the remainder when 3330 is divided by 68?
66
What is the remainder when 137 is divided by 20?
17
What is the remainder when 613 is divided by 24?
13
What is the remainder when 61 is divided by 18?
7
Calculate the remainder when 248 is divided by 12.
8
What is the remainder when 120 is divided by 63?
57
What is the remainder when 89 is divided by 9?
8
What is the remainder when 70 is divided by 26?
18
Calculate the remainder when 220 is divided by 8.
4
What is the remainder when 898 is divided by 7?
2
Calculate the remainder when 67 is divided by 25.
17
What is the remainder when 1041 is divided by 456?
129
Calculate the remainder when 647 is divided by 81.
80
What is the remainder when 133 is divided by 16?
5
Calculate the remainder when 98 is divided by 36.
26
Calculate the remainder when 800 is divided by 93.
56
Calculate the remainder when 538 is divided by 47.
21
What is the remainder when 1545 is divided by 25?
20
Calculate the remainder when 393 is divided by 192.
9
Calculate the remainder when 196 is divided by 8.
4
Calculate the remainder when 2626 is divided by 146.
144
What is the remainder when 20975 is divided by 76?
75
What is the remainder when 2722 is divided by 88?
82
What is the remainder when 66 is divided by 25?
16
Calculate the remainder when 585 is divided by 24.
9
Calculate the remainder when 180 is divided by 48.
36
What is the remainder when 156 is divided by 90?
66
What is the remainder when 1295 is divided by 169?
112
Calculate the remainder when 92 is divided by 18.
2
What is the remainder when 1976 is divided by 3?
2
What is the remainder when 34 is divided by 7?
6
Calculate the remainder when 14420 is divided by 253.
252
What is the remainder when 12 is divided by 12?
0
Calculate the remainder when 4499 is divided by 60.
59
What is the remainder when 175 is divided by 37?
27
What is the remainder when 122 is divided by 66?
56
What is the remainder when 545 is divided by 143?
116
What is the remainder when 45 is divided by 12?
9
What is the remainder when 135 is divided by 23?
20
What is the remainder when 807 is divided by 14?
9
Calculate the remainder when 228 is divided by 17.
7
What is the remainder when 179 is divided by 31?
24
Calculate the remainder when 144 is divided by 61.
22
Calculate the remainder when 1092 is divided by 158.
144
What is the remainder when 1025 is divided by 27?
26
What is the remainder when 1701 is divided by 55?
51
What is the remainder when 313 is divided by 107?
99
What is the remainder when 395 is divided by 13?
5
Calculate the remainder when 10492 is divided by 53.
51
What is the remainder when 282 is divided by 15?
12
Calculate the remainder when 119 is divided by 31.
26
Calculate the remainder when 3180 is divided by 74.
72
What is the remainder when 560 is divided by 23?
8
What is the remainder when 86 is divided by 11?
9
What is the remainder when 677 is divided by 43?
32
What is the remainder when 108 is divided by 22?
20
Calculate the remainder when 398 is divided by 115.
53
Calculate the remainder when 1767 is divided by 437.
19
What is the remainder when 161 is divided by 59?
43
Calculate the remainder when 29 is divided by 7.
1
What is the remainder when 161 is divided by 151?
10
Calculate the remainder when 89 is divided by 13.
11
Calculate the remainder when 94 is divided by 85.
9
Calculate the remainder when 29 is divided by 10.
9
Calculate the remainder when 291 is divided by 24.
3
What is the remainder when 740 is divided by 148?
0
Calculate the remainder when 14 is divided by 6.
2
What is the remainder when 13 is divided by 2?
1
Calculate the remainder when 148 is divided by 12.
4
What is the remainder when 244 is divided by 48?
4
Calculate the remainder when 299 is divided by 50.
49
What is the remainder when 789 is divided by 99?
96
What is the remainder when 71 is divided by 13?
6
What is the remainder when 27089 is divided by 30?
29
Calculate the remainder when 61 is divided by 15.
1
What is the remainder when 391 is divided by 79?
75
Calculate the remainder when 95 is divided by 29.
8
Calculate the remainder when 2185 is divided by 81.
79
What is the remainder when 624 is divided by 15?
9
Calculate the remainder when 163 is divided by 83.
80
Calculate the remainder when 130 is divided by 85.
45
Calculate the remainder when 597 is divided by 48.
21
Calculate the remainder when 224 is divided by 76.
72
Calculate the remainder when 50 is divided by 28.
22
What is the remainder when 890 is divided by 87?
20
Calculate the remainder when 1182 is divided by 7.
6
What is the remainder when 175 is divided by 36?
31
Calculate the remainder when 3103 is divided by 16.
15
What is the remainder when 33 is divided by 16?
1
Calculate the remainder when 111 is divided by 30.
21
Calculate the remainder when 955 is divided by 202.
147
What is the remainder when 103 is divided by 33?
4
What is the remainder when 86 is divided by 23?
17
What is the remainder when 848 is divided by 43?
31
What is the remainder when 7052 is divided by 87?
5
Calculate the remainder when 4550 is divided by 4.
2
What is the remainder when 151 is divided by 14?
11
What is the remainder when 3278 is divided by 17?
14
Calculate the remainder when 235 is divided by 15.
10
What is the remainder when 16289 is divided by 45?
44
Calculate the remainder when 1999 is divided by 8.
7
Calculate the remainder when 128 is divided by 15.
8
Calculate the remainder when 976 is divided by 198.
184
What is the remainder when 30237 is divided